h(b) be the third derivative of -b**5/60 + 11*b**4/12 + 5*b**3/2 + 7*b**2 - 3*b. Is h(18) prime?
False
Suppose -7788366 - 15916570 = -136*l. Is l prime?
False
Suppose 5*k + 244626 = 14*k + 5*v, -5*v = -15. Is k a composite number?
False
Let n(d) = -280226*d - 1309. Is n(-3) composite?
False
Let t be 10*-9*(-4)/24. Let a be ((-175)/t)/7*-3. Suppose -a*f + 97 = z, 5*z + 4*f = 3*z + 182. Is z composite?
True
Let v(c) = 2*c**3 - 26*c**2 - 22*c + 27. Let f(y) = y**3 - 18*y**2 - 38*y - 24. Let w be f(20). Is v(w) composite?
True
Let w(l) = 3*l**2 - 22*l - 25. Let d = -124 + 212. Suppose 5*c + 32 = -d. Is w(c) prime?
False
Is (-1 - -7)*(5995875/90)/25 a prime number?
False
Suppose -9 = -3*o - 4*n, -2*n = -2*o - 3*o + 41. Suppose o*c - 2*c = 1775. Let h = c + -144. Is h prime?
True
Suppose 149*m - 130*m - 3850564 + 459425 = 0. Is m a prime number?
True
Suppose 131867049 - 37891457 = 68*b. Is b composite?
True
Suppose -6*t + 88271 = h - t, 5*h = 2*t + 441436. Suppose -145999 = -15*f + h. Is f composite?
False
Suppose 5*w = -2*c + 55, 4*c - 44 = -4*w + c. Suppose -w*r + 13*r - 7294 = 0. Is r a prime number?
False
Let t be (-4)/12*(-45)/(-5) - -1799. Let i = t - -157. Let s = i - 796. Is s composite?
True
Suppose -3*m - 5*o + 202898 = 0, -5*m = -6*o + 3*o - 338152. Is m prime?
True
Let k be -16096 + (-2 - 0/2). Let d = k - -22547. Is d prime?
True
Suppose -40*d + 3*g = -39*d - 3368, -6*d = -3*g - 20223. Is d composite?
False
Let z(i) = 13716*i - 19. Let c(g) = 13716*g - 10. Let t(x) = 6*c(x) - 5*z(x). Is t(1) a composite number?
False
Is (372 - 368)/(4/33261) composite?
True
Suppose -3*h + 1782581 = -4*l, 55*h - 5*l - 1188378 = 53*h. Is h prime?
False
Let c = -160 + 162. Suppose 0 = -5*d + 5*t + 34420, d - c*t - 1826 - 5059 = 0. Is d prime?
True
Is ((-221726)/(-3))/((-6)/(-11) - 140/(-1155)) prime?
True
Suppose 0 = -z - i + 1055 + 318, -5*z + 3*i = -6865. Let p = 3194 - z. Is p composite?
True
Suppose 3*p = -9, 0*p = -4*a + 5*p + 27. Suppose -2*c - 3*c + 20344 = a*t, -t - c = -6778. Is t a prime number?
False
Let o(w) = w**2 + 32*w + 58. Let u be o(-27). Is -5 + u/(-14) + (-22143)/(-6) prime?
True
Let s(z) = -56575*z + 482. Is s(-3) prime?
True
Suppose 0 = -7*n - 31298 - 1672. Let d = n - -9037. Is d a composite number?
False
Suppose -2*g - g - 3 = 0, 3 = -i - 4*g. Let o be (-894*(-8)/12)/i. Let c = o - 243. Is c composite?
False
Let a be (-3)/5 - (-54)/(-10). Is (-157)/((4 - -2)/a) composite?
False
Let k(s) = -s**2 + 11*s - 16. Let n be k(8). Suppose 0 = x + n*x - 864. Let r = x - 59. Is r a prime number?
True
Suppose 4*m - 99 - 97 = 0. Let n = m - 43. Is (-12)/4*-10*211/n a composite number?
True
Is 3*-1*44/33 + 22365/3 prime?
True
Is 21*(6009880/168 + -4) a prime number?
True
Is 14349*(760/60 + 3) composite?
True
Let q(y) = -y**3 - 2*y**2 + 14*y + 1420151. Is q(0) a composite number?
False
Suppose -104*f + 1730063 + 5198742 = -13081731. Is f a prime number?
False
Let y(t) = -t**2 + 15*t - 53. Let x be y(8). Suppose -3*s + 172 + 401 = -x*o, -191 = -s - 4*o. Is s composite?
False
Let l(j) = 377*j**2 + 12*j - 74. Suppose -521*o + 30 = -515*o. Is l(o) composite?
True
Let d(x) = 15298*x - 3. Is d(80) prime?
False
Suppose 2*l + 4*w + 32 = 2*w, l + 2*w = -21. Let h be (-1 - -31)*170/(l - -6). Let m = 2519 + h. Is m composite?
False
Let n(l) be the first derivative of 1189*l**4/24 + 2*l**3/3 + 3*l**2/2 - 6. Let c(p) be the second derivative of n(p). Is c(1) a prime number?
True
Is 61325 - (4/18 - (16 + (-2024)/207)) composite?
False
Suppose 5121 = 21*j + 795. Suppose -136 = 2*n - j. Is n a prime number?
False
Suppose 3*g + 1498081 = 4*q, -4*g - 1123567 = -3*q - 8*g. Is q composite?
True
Let u(y) = -y**3 - 4*y**2 + 7*y - 14. Let f be u(-6). Suppose 5*j = f*j - 21637. Is j a composite number?
True
Suppose -3 = -v + 2. Let f = v - -2. Is 13618/16 + f/(-56) prime?
False
Let i(v) = 5*v**2 + 10*v**2 + v**3 - 2*v - 21*v**2 - v. Let s be i(7). Let c = 30 + s. Is c prime?
False
Suppose -j + 63197 + 30826 = -5*z, 0 = 3*j + 2*z - 282103. Is j a composite number?
False
Let q = 27 - -71. Let c = 6 + q. Let o = c + 87. Is o a composite number?
False
Is (-108)/(-180)*10 - (-3)/((-3)/(-298091)) prime?
False
Let f = -12 - -17. Suppose -f*v - 11 - 9 = -h, -4 = 4*h + v. Is (h + (-1940)/8)*-2 a composite number?
True
Suppose -518*c = -522*c - 8. Is (-209448)/(-15) - (c - -3)/5 composite?
False
Suppose 3*r = 4*q + 10 + 36, -r - 2*q + 22 = 0. Suppose r*o - 55111 = -2353. Is o a composite number?
True
Let x be (24/(-9))/(-8) + (-220)/3. Let f = -73 - x. Suppose 0 = y - 4*b - 886, 0*b - b = f. Is y composite?
True
Suppose -50*q - 8166 = -56*q. Is q prime?
True
Let d(n) be the third derivative of 1/15*n**5 - 5/6*n**4 - 20*n**2 + 0 + 0*n + 7/2*n**3. Is d(10) a prime number?
False
Let x = -16282 + 43830. Suppose -14*t + 10*t - 3*c + 22027 = 0, -c = -5*t + x. Is t a prime number?
False
Suppose 8 = 4*l, -1 + 0 = 3*t + l. Let c be (-2)/4*t + 6139/14. Suppose q = 4*b - 2*b + 112, -4*q + 5*b + c = 0. Is q composite?
True
Suppose -3250*z + 1057314 = -3247*z - l, 2*l - 352445 = -z. Is z prime?
False
Let i = -23357 - -104638. Is i a composite number?
False
Let q(b) = 1240*b**2 - 43*b - 499. Is q(-10) a composite number?
False
Let n = 2128 - 1247. Suppose 5*o = -2*z + 1764, z + 10*o - n = 8*o. Is z a prime number?
True
Suppose 0 = -j - 4*j. Let w = j - -1. Is w/((-2343)/(-1171) + -2) a prime number?
True
Let n(d) = 1771*d - 625. Is n(12) composite?
False
Suppose -1275157 - 1825211 = -81*i + 33*i. Is i a prime number?
True
Let k(t) be the third derivative of -95/6*t**3 + 3/4*t**4 + 0*t + 5*t**2 + 0. Is k(28) composite?
False
Let c be (-915)/35 + 6/42. Let r(x) = x**3 + 26*x**2 - 24*x + 35. Is r(c) composite?
False
Let f = 123 + -185. Let d = -59 - f. Suppose 1 = -u, 3*x - d*u - 448 = -2*x. Is x prime?
True
Suppose 2*r = 2, -8*r = -u - 7*r + 1502. Let c = -156 + u. Is c a prime number?
False
Suppose -35*y + 2318 = -33*y. Suppose -1163*k + 66076 = -y*k. Is k a prime number?
True
Suppose -14 = n - 41. Suppose 20*t = n*t - 1561. Is t prime?
True
Is (4322022/4)/((-843)/(-562)) a prime number?
False
Let y(o) = -23*o + 50. Let k be y(3). Let i(g) = 6*g**2 + 43*g + 42. Is i(k) composite?
True
Let n(m) = 4 - 21490*m + 21487*m + 24*m**2 - 6*m**2. Let u = 9 - -2. Is n(u) composite?
True
Is -10 + 1613909 + 17 + -1 + -6 + 2 composite?
True
Let d(h) = 3*h**3 + 13*h**2 + 10*h - 1. Let w(z) = -z**3 + z + 1. Let r(g) = d(g) + 4*w(g). Let p be r(14). Suppose -p*f + 4765 = 718. Is f composite?
True
Let p(o) = 127*o**2 + 7*o + 3. Let s be p(-2). Let k = 1294 - s. Is k a composite number?
False
Suppose -20 = 2*g - 4*i, -3 + 1 = -i. Is ((-2)/g)/((-18)/(-325566)) a prime number?
True
Let d(q) = 10*q**3 - 19*q**2 - 26*q + 972. Is d(31) a composite number?
False
Let k = 79103 - -118802. Is k prime?
False
Let p = -2358 - -4386. Let n = p + -1168. Suppose n - 207 = y. Is y composite?
False
Let p(n) = -n**3 - 64*n**2 - 88*n + 118. Is p(-63) prime?
True
Suppose 0 = 5*z - 188920 - 419615. Suppose 15*f - z = 6*f. Is f composite?
False
Is (-36)/84*30587564/(-84) prime?
True
Let j = -1980 - -1404. Let t = j + 809. Is t a composite number?
False
Suppose 4*j - 20 = -4*x, -4*x - 2 + 14 = -4*j. Suppose f = 2*c - c - 10062, x*f + 10059 = c. Is c prime?
False
Suppose -7*n = -5*n - 634. Let s = n + 197. Is s prime?
False
Let h(z) = 11*z**3 + 7*z**2 - 2*z + 6. Let y(a) = -10*a**3 - 8*a**2 + 2*a - 7. Let c(u) = -4*h(u) - 3*y(u). Let o be c(-5). Let p = o + 312. Is p prime?
True
Suppose -5*u + 1039102 = 2*y, -37*y - 2*u = -1273208 - 17949455. Is y a prime number?
False
Let u = -95 + 153. Suppose 0 = 59*i - u*i - 2. Let c(h) = 341*h**2 - 3. Is c(i) prime?
True
Let k = 691 - 673. Suppose k*c - 13*c = -5*w + 115505, -w = 4*c - 92398. Is c prime?
True
Let t(s) = s**2 - 8*s + 20. Let m be t(7). Suppose 0 = u + 2*o + 3, 10*o - 12 = 4*u + m*o. Is ((-176)/(-3) + 3)/((-1)/u) composite?
True
Let t(c) = 654*c - 275*c - 6 - 117*c + 1017*c. Is t(5) a composite number?
False
Suppose -13*m + 31*m = -612. Let i(o) = 5*o**2 + 55*o + 75. Is i(m) composite?
True
Let y(l) = -8*l - 15. Let j be y(-3). Let m(f) = 36*f**2 - 2*f - 52. Is m(j) prime?
False
Let w(s) = -3556*s - 3699. Is w(-70) a composite number?
True
Suppose -4*g - 2*c = -3938168, -5*g - 98